hen 428642 is divided by 5358.
2
Calculate the remainder when 12678 is divided by 198.
6
What is the remainder when 2916 is divided by 697?
128
What is the remainder when 1374 is divided by 135?
24
What is the remainder when 39541 is divided by 117?
112
What is the remainder when 2312 is divided by 12?
8
What is the remainder when 27684 is divided by 9210?
54
What is the remainder when 4737 is divided by 3327?
1410
Calculate the remainder when 251885 is divided by 106.
29
Calculate the remainder when 75817 is divided by 68.
65
Calculate the remainder when 351188 is divided by 39016.
44
What is the remainder when 2245 is divided by 1947?
298
What is the remainder when 10081 is divided by 416?
97
What is the remainder when 14511 is divided by 17?
10
Calculate the remainder when 430914 is divided by 345.
9
Calculate the remainder when 2505 is divided by 1195.
115
Calculate the remainder when 25279 is divided by 72.
7
What is the remainder when 8421 is divided by 877?
528
Calculate the remainder when 142328 is divided by 20325.
53
What is the remainder when 10329 is divided by 368?
25
Calculate the remainder when 47109 is divided by 73.
24
Calculate the remainder when 207708 is divided by 82.
2
Calculate the remainder when 4958 is divided by 10.
8
Calculate the remainder when 3052 is divided by 161.
154
What is the remainder when 11941 is divided by 101?
23
Calculate the remainder when 46685 is divided by 77.
23
Calculate the remainder when 2335 is divided by 558.
103
What is the remainder when 44892 is divided by 368?
364
Calculate the remainder when 94897 is divided by 52.
49
What is the remainder when 10195 is divided by 286?
185
Calculate the remainder when 80947 is divided by 46.
33
What is the remainder when 15036 is divided by 122?
30
Calculate the remainder when 7743 is divided by 7228.
515
Calculate the remainder when 212603 is divided by 704.
699
What is the remainder when 24854 is divided by 5?
4
What is the remainder when 6313 is divided by 285?
43
Calculate the remainder when 23959 is divided by 3395.
194
What is the remainder when 2661289 is divided by 388?
385
Calculate the remainder when 45309 is divided by 2297.
1666
What is the remainder when 161944 is divided by 21?
13
What is the remainder when 41772 is divided by 387?
363
Calculate the remainder when 82604 is divided by 16518.
14
Calculate the remainder when 5004 is divided by 557.
548
What is the remainder when 206055 is divided by 172?
171
Calculate the remainder when 90940 is divided by 46.
44
Calculate the remainder when 43340 is divided by 1494.
14
What is the remainder when 2507 is divided by 301?
99
Calculate the remainder when 1416 is divided by 158.
152
What is the remainder when 1960 is divided by 239?
48
Calculate the remainder when 54580 is divided by 535.
10
Calculate the remainder when 462543 is divided by 2984.
23
Calculate the remainder when 1705 is divided by 621.
463
Calculate the remainder when 121417 is divided by 127.
5
What is the remainder when 7510 is divided by 7507?
3
Calculate the remainder when 36149 is divided by 39.
35
What is the remainder when 24341 is divided by 529?
7
What is the remainder when 1179 is divided by 381?
36
What is the remainder when 59747 is divided by 19914?
5
Calculate the remainder when 92451 is divided by 508.
503
Calculate the remainder when 42585 is divided by 13.
10
Calculate the remainder when 19296 is divided by 239.
176
What is the remainder when 4436 is divided by 193?
190
What is the remainder when 178046 is divided by 4?
2
Calculate the remainder when 21602 is divided by 37.
31
What is the remainder when 5983 is divided by 33?
10
What is the remainder when 48928 is divided by 167?
164
Calculate the remainder when 5392 is divided by 65.
62
Calculate the remainder when 26856 is divided by 50.
6
Calculate the remainder when 27545 is divided by 500.
45
Calculate the remainder when 41656 is divided by 372.
364
Calculate the remainder when 84852 is divided by 1074.
6
Calculate the remainder when 125 is divided by 38.
11
What is the remainder when 1453 is divided by 359?
17
What is the remainder when 109009 is divided by 87?
85
Calculate the remainder when 1668 is divided by 101.
52
Calculate the remainder when 111561 is divided by 24.
9
What is the remainder when 9930 is divided by 796?
378
What is the remainder when 1363 is divided by 1296?
67
What is the remainder when 17040 is divided by 10?
0
What is the remainder when 54807 is divided by 70?
67
What is the remainder when 816256 is divided by 1948?
44
What is the remainder when 26909 is divided by 6656?
285
What is the remainder when 3315 is divided by 481?
429
What is the remainder when 2324 is divided by 173?
75
What is the remainder when 87212 is divided by 164?
128
What is the remainder when 441576 is divided by 128?
104
What is the remainder when 54199 is divided by 821?
13
What is the remainder when 445058 is divided by 8?
2
Calculate the remainder when 44712 is divided by 11177.
4
What is the remainder when 40536 is divided by 379?
362
Calculate the remainder when 518025 is divided by 223.
219
Calculate the remainder when 185976 is divided by 121.
120
What is the remainder when 47827 is divided by 379?
73
What is the remainder when 29663 is divided by 10?
3
Calculate the remainder when 12050 is divided by 4.
2
Calculate the remainder when 61253 is divided by 730.
663
What is the remainder when 15365 is divided by 64?
5
What is the remainder when 128655 is divided by 88?
87
What is the remainder when 3045337 is divided by 9?
7
What is the remainder when 88280 is divided by 8001?
269
Calculate the remainder when 556942 is divided by 185644.
10
Calculate the remainder when 7530 is divided by 1734.
594
Calculate the remainder when 852 is divided by 48.
36
What is the remainder when 3583098 is divided by 13?
12
What is the remainder when 3235 is divided by 84?
43
Calculate the remainder when 16584 is divided by 147.
120
What is the remainder when 1536 is divided by 471?
123
Calculate the remainder when 123079 is divided by 22.
11
Calculate the remainder when 8312 is divided by 73.
63
Calculate the remainder when 3378 is divided by 38.
34
Calculate the remainder when 15577 is divided by 107.
62
What is the remainder when 3889 is divided by 149?
15
What is the remainder when 13978 is divided by 541?
453
What is the remainder when 9659 is divided by 49?
6
Calculate the remainder when 96091 is divided by 19216.
11
What is the remainder when 39234 is divided by 123?
120
Calculate the remainder when 3512 is divided by 74.
34
Calculate the remainder when 149770 is divided by 96.
10
What is the remainder when 4245 is divided by 300?
45
What is the remainder when 1429593 is divided by 366?
363
Calculate the remainder when 6124 is divided by 1079.
729
What is the remainder when 33773 is divided by 5627?
11
What is the remainder when 21995 is divided by 176?
171
Calculate the remainder when 48645 is divided by 16212.
9
Calculate the remainder when 1340013 is divided by 12.
9
What is the remainder when 804 is divided by 38?
6
Calculate the remainder when 394740 is divided by 258.
0
What is the remainder when 5768 is divided by 1908?
44
What is the remainder when 33565 is divided by 67?
65
Calculate the remainder when 7608247 is divided by 1462.
1461
Calculate the remainder when 71641 is divided by 3.
1
What is the remainder when 1035941 is divided by 28?
25
What is the remainder when 1104 is divided by 74?
68
Calculate the remainder when 909758 is divided by 320.
318
Calculate the remainder when 7211 is divided by 861.
323
What is the remainder when 94073 is divided by 355?
353
What is the remainder when 14024 is divided by 609?
17
What is the remainder when 5760 is divided by 359?
16
What is the remainder when 5038 is divided by 1000?
38
Calculate the remainder when 1047 is divided by 325.
72
What is the remainder when 2271 is divided by 745?
36
Calculate the remainder when 128336 is divided by 1510.
1496
Calculate the remainder when 56729 is divided by 52.
49
Calculate the remainder when 47439 is divided by 15810.
9
What is the remainder when 171 is divided by 58?
55
Calculate the remainder when 2178 is divided by 158.
124
Calculate the remainder when 69477 is divided by